{"id":678,"date":"2018-12-26T09:25:26","date_gmt":"2018-12-26T09:25:26","guid":{"rendered":"http:\/\/tektonrealestate.ro\/?page_id=678"},"modified":"2023-12-15T12:54:37","modified_gmt":"2023-12-15T12:54:37","slug":"tekton-real-estate-2","status":"publish","type":"page","link":"https:\/\/tektonrealestate.ro\/","title":{"rendered":"Tekton Real Estate"},"content":{"rendered":"<p>[vc_row full_width=&#8221;stretch_row&#8221; cth_layout=&#8221;monolit_fullheight_sec&#8221;][vc_column css=&#8221;.vc_custom_1455730804223{padding-right: 0px !important;padding-left: 0px !important;}&#8221;][monolit_home_image bgimg=&#8221;527&#8243;]<\/p>\n<h2>TEKTON<\/h2>\n<h3>REAL ESTATE<\/h3>\n<p>[\/monolit_home_image][\/vc_column][\/vc_row][vc_row cth_layout=&#8221;monolit_page_sec&#8221; sec_number=&#8221;01&#8243; el_id=&#8221;sec1&#8243;][vc_column offset=&#8221;vc_col-md-4&#8243;][monolit_carousel_slider_multiimgs loop=&#8221;yes&#8221; autoplay=&#8221;yes&#8221; autoplaytimeout=&#8221;8000&#8243; autoplayspeed=&#8221;1600&#8243; slideimages=&#8221;528,612,613&#8243;][\/vc_column][vc_column offset=&#8221;vc_col-md-8&#8243;][vc_column_text]<\/p>\n<h2 class=\"section-title\"><strong>Tekton<\/strong> Real Estate SRL<\/h2>\n<p>Societatea noastr\u0103 \u00ee\u0219i desf\u0103\u0219oar\u0103 activitatea \u00een imobiliare \u00een Rom\u00e2nia, av\u00e2nd sediul \u00een ora\u0219ul Cluj-Napoca, \u00eencep\u00e2nd din anul 2016.<\/p>\n<p>Scopul nostru este crearea \u0219i administrarea de lucr\u0103ri de locuin\u021be \u00een puncte centrale ale ora\u0219elor, corespunz\u0103toare pentru a r\u0103spunde nevoilor moderne ale oamenilor.<\/p>\n<p>Alegem, folosind criterii stricte, cei mai buni parteneri, av\u00e2nd ca scop calitatea \u0219i siguran\u021ba proiectelor noastre.<\/p>\n<p>Scopul nostru este satisfac\u021bia \u0219i mul\u021bumirea clien\u021bilor no\u0219tri cei mai exigen\u021bi, combinate cu servicii consecvente \u0219i prompte pentru oricare dintre investi\u021biile lor.<\/p>\n<p>Cu mul\u021bi ani de experien\u021b\u0103 \u00een construc\u021bia de cl\u0103diri \u00een diferite \u021b\u0103ri europene, suntem o garan\u021bie pentru dezvoltarea proiectelor noastre \u0219i suntem preg\u0103ti\u021bi s\u0103 v\u0103 ajut\u0103m s\u0103 alege\u021bi mai bine \u00een func\u021bie de nevoile dumneavoastr\u0103.<\/p>\n<div class=\"process-box\"><\/div>\n<div><a class=\"btn anim-button fl-l\" href=\"http:\/\/tektonrealestate.ro\/?page_id=683\"><span class=\"no-rep\">Serviciile Noastre<\/span><\/a><\/div>\n<p>[\/vc_column_text][\/vc_column][\/vc_row][vc_row cth_layout=&#8221;monolit_page_dark_sec&#8221; parallax_inner_op=&#8221;0.0&#8243; sec_number=&#8221;02&#8243; sec_number_pos=&#8221;left&#8221; parallax_inner=&#8221;625&#8243;][vc_column][vc_row_inner][vc_column_inner offset=&#8221;vc_col-md-4&#8243;][vc_column_text]<\/p>\n<h2 class=\"section-title\">CALITATE SIGURANTA\u00a0 \u00a0 INCREDERE<\/h2>\n<p>[\/vc_column_text][\/vc_column_inner][vc_column_inner offset=&#8221;vc_col-md-8&#8243;][vc_column_text]Indiferent de nevoile dumneavoastr\u0103 personale sau profesionale, putem oferi solu\u021bii fiabile. Experien\u021ba noastr\u0103 \u00eendelungat\u0103 \u0219i angajamentul nostru fa\u021b\u0103 de calitate reprezint\u0103 o garan\u021bie a serviciilor noastre \u0219i v\u0103 oferim un consilier \u0219i un coordonator de \u00eencredere.<\/p>\n<h3><\/h3>\n<p>[\/vc_column_text][monolit_services order=&#8221;ASC&#8221; ids=&#8221;674,677,676,675&#8243;][\/vc_column_inner][\/vc_row_inner][\/vc_column][\/vc_row][vc_row cth_layout=&#8221;monolit_page_sec&#8221; sec_number=&#8221;03&#8243;][vc_column][vc_column_text]<\/p>\n<h2 class=\"section-title algn-right dec-title\">PROIECTE<\/h2>\n<p>[\/vc_column_text][monolit_portfolios_parallax order_by=&#8221;modified&#8221; show_date=&#8221;no&#8221; show_cat=&#8221;no&#8221; show_excerpt=&#8221;yes&#8221; view_all_link=&#8221;&#8221; ids=&#8221;671,673,788,935,973&#8243;][\/vc_column][\/vc_row]<\/p>\n","protected":false},"excerpt":{"rendered":"<p>[vc_row full_width=&#8221;stretch_row&#8221; cth_layout=&#8221;monolit_fullheight_sec&#8221;][vc_column css=&#8221;.vc_custom_1455730804223{padding-right: 0px !important;padding-left: 0px !important;}&#8221;][monolit_home_image bgimg=&#8221;527&#8243;] TEKTON REAL ESTATE [\/monolit_home_image][\/vc_column][\/vc_row][vc_row cth_layout=&#8221;monolit_page_sec&#8221; sec_number=&#8221;01&#8243; el_id=&#8221;sec1&#8243;][vc_column offset=&#8221;vc_col-md-4&#8243;][monolit_carousel_slider_multiimgs loop=&#8221;yes&#8221; autoplay=&#8221;yes&#8221; autoplaytimeout=&#8221;8000&#8243; autoplayspeed=&#8221;1600&#8243; slideimages=&#8221;528,612,613&#8243;][\/vc_column][vc_column offset=&#8221;vc_col-md-8&#8243;][vc_column_text] Tekton Real Estate SRL Societatea noastr\u0103 \u00ee\u0219i desf\u0103\u0219oar\u0103 activitatea \u00een imobiliare \u00een Rom\u00e2nia, av\u00e2nd sediul \u00een ora\u0219ul Cluj-Napoca, \u00eencep\u00e2nd din anul 2016. Scopul nostru este crearea \u0219i administrarea de lucr\u0103ri de locuin\u021be [&hellip;]<\/p>\n","protected":false},"author":1,"featured_media":0,"parent":0,"menu_order":0,"comment_status":"closed","ping_status":"closed","template":"homepage.php","meta":{"footnotes":""},"class_list":["post-678","page","type-page","status-publish","hentry"],"_links":{"self":[{"href":"https:\/\/tektonrealestate.ro\/index.php?rest_route=\/wp\/v2\/pages\/678"}],"collection":[{"href":"https:\/\/tektonrealestate.ro\/index.php?rest_route=\/wp\/v2\/pages"}],"about":[{"href":"https:\/\/tektonrealestate.ro\/index.php?rest_route=\/wp\/v2\/types\/page"}],"author":[{"embeddable":true,"href":"https:\/\/tektonrealestate.ro\/index.php?rest_route=\/wp\/v2\/users\/1"}],"replies":[{"embeddable":true,"href":"https:\/\/tektonrealestate.ro\/index.php?rest_route=%2Fwp%2Fv2%2Fcomments&post=678"}],"version-history":[{"count":10,"href":"https:\/\/tektonrealestate.ro\/index.php?rest_route=\/wp\/v2\/pages\/678\/revisions"}],"predecessor-version":[{"id":974,"href":"https:\/\/tektonrealestate.ro\/index.php?rest_route=\/wp\/v2\/pages\/678\/revisions\/974"}],"wp:attachment":[{"href":"https:\/\/tektonrealestate.ro\/index.php?rest_route=%2Fwp%2Fv2%2Fmedia&parent=678"}],"curies":[{"name":"wp","href":"https:\/\/api.w.org\/{rel}","templated":true}]}}